2096 a multiple of 19?
False
Is 5196 a factor of 637272470?
False
Is 284245000 a multiple of 325?
True
Is 200308095 a multiple of 39?
True
Does 1626 divide 57467718?
True
Is 4142 a factor of 157251030?
True
Does 7 divide 140968534?
True
Is 1948867356 a multiple of 12?
True
Is 13 a factor of 698941178?
True
Is 20 a factor of 16479220?
True
Is 8125 a factor of 1292008258?
False
Is 2991 a factor of 367121404?
False
Does 186 divide 11177574?
False
Is 590608 a multiple of 107?
False
Is 7 a factor of 181528410?
True
Does 183 divide 1795962?
True
Does 14 divide 17986038?
True
Is 2112 a factor of 473544192?
True
Does 1142 divide 29075320?
True
Is 6 a factor of 2508228?
True
Is 1914948854 a multiple of 35?
False
Does 2 divide 7941493?
False
Is 10412948 a multiple of 4?
True
Is 4215 a factor of 1123782225?
True
Does 90 divide 35089110?
True
Does 27 divide 18148104?
True
Is 1081639034 a multiple of 7?
True
Is 4576150631 a multiple of 235?
False
Is 16 a factor of 640978187?
False
Is 28810822 a multiple of 49?
False
Does 50 divide 26857625?
False
Is 1892909853 a multiple of 29?
False
Does 575 divide 91912025?
True
Does 120 divide 56155200?
True
Does 2009 divide 29581776?
False
Is 723784860 a multiple of 6?
True
Is 9 a factor of 168806025?
True
Does 247 divide 60372728?
True
Is 8 a factor of 172394440?
True
Does 143 divide 160771070?
False
Is 3189 a factor of 378627461?
False
Is 9497646 a multiple of 17?
False
Does 529 divide 18632438?
True
Is 1191958544 a multiple of 1708?
True
Is 127135632 a multiple of 12?
True
Is 175145155 a multiple of 1859?
False
Is 450248152 a multiple of 183?
False
Does 2 divide 222037?
False
Is 12878656 a multiple of 16?
True
Is 19131703 a multiple of 32?
False
Does 6708 divide 1829317510?
False
Is 759284365 a multiple of 35?
True
Is 826724950 a multiple of 949?
False
Is 2500166305 a multiple of 8036?
False
Is 6707436 a multiple of 10?
False
Is 19 a factor of 150281773?
True
Is 22288669 a multiple of 611?
True
Is 1396842414 a multiple of 3959?
False
Is 144205535 a multiple of 5?
True
Does 564 divide 504927204?
True
Is 4426370 a multiple of 10?
True
Is 280 a factor of 14060480?
True
Is 269993958 a multiple of 111?
True
Is 76 a factor of 263316060?
True
Is 16 a factor of 62462914?
False
Does 426 divide 13581306?
True
Does 76 divide 3642661288?
False
Is 149660849 a multiple of 1278?
False
Is 110 a factor of 38423770?
True
Is 9276 a factor of 349566060?
True
Does 1946 divide 64733690?
True
Is 396 a factor of 839112912?
True
Is 634420348 a multiple of 1559?
False
Does 47 divide 7135728?
True
Is 2764 a factor of 1634720055?
False
Is 58839926 a multiple of 95?
False
Is 5964 a factor of 95435928?
True
Is 471207805 a multiple of 90?
False
Is 61 a factor of 3199938?
True
Is 13 a factor of 319921184?
False
Is 16 a factor of 15515488?
True
Is 602540 a multiple of 940?
True
Does 2375 divide 428144066?
False
Is 3813 a factor of 470543265?
True
Is 10656604 a multiple of 86?
True
Is 49 a factor of 132735577?
False
Is 305902149 a multiple of 22?
False
Is 5 a factor of 75326192?
False
Is 47 a factor of 2352722804?
True
Is 800878793 a multiple of 121?
True
Is 7 a factor of 5499284?
True
Is 1345972399 a multiple of 17?
True
Does 20 divide 21473260?
True
Is 39 a factor of 1088780718?
False
Is 206756420 a multiple of 260?
True
Is 42568859 a multiple of 31?
True
Does 3 divide 70920708?
True
Does 199 divide 12470040?
False
Is 426373092 a multiple of 6?
True
Is 430063141 a multiple of 16?
False
Is 122 a factor of 152842719?
False
Does 37 divide 171074495?
True
Is 224 a factor of 5257611?
False
Is 166248090 a multiple of 2122?
True
Is 19 a factor of 14972817?
True
Is 570 a factor of 41724000?
True
Does 62 divide 21479838?
True
Is 7 a factor of 86128217?
True
Is 89 a factor of 87610208?
False
Is 15 a factor of 24620580?
True
Does 8 divide 19848160?
True
Does 5 divide 56310550?
True
Is 3318894 a multiple of 445?
False
Does 481 divide 163727087?
False
Does 7 divide 23436594?
False
Is 18798100 a multiple of 20?
True
Is 7 a factor of 1325554372?
False
Is 1418 a factor of 43298630?
True
Does 14 divide 26763212?
True
Is 1748 a factor of 552284767?
False
Does 806 divide 81150498?
True
Is 170 a factor of 8234784?
False
Does 31 divide 96949958?
True
Is 1030 a factor of 3417990110?
True
Is 344 a factor of 21366841?
False
Does 8 divide 169157011?
False
Does 15 divide 80590515?
True
Does 123 divide 322411413?
True
Is 278658963 a multiple of 603?
True
Is 56064960 a multiple of 252?
True
Is 562545152 a multiple of 6656?
True
Does 157 divide 135558824?
True
Does 54 divide 4828745?
False
Is 12 a factor of 46369296?
True
Does 25 divide 10681438?
False
Does 218 divide 608608258?
True
Does 8493 divide 2385581784?
True
Does 776 divide 28757759?
False
Is 617224785 a multiple of 378?
False
Is 774644823 a multiple of 63?
False
Is 1025522548 a multiple of 764?
True
Is 3 a factor of 26075247?
True
Does 28 divide 28337094?
False
Is 1475 a factor of 747257125?
True
Does 31 divide 27327589?
False
Is 109 a factor of 147782091?
True
Is 247214850 a multiple of 2958?
True
Does 116 divide 181912664?
False
Is 2268 a factor of 188456511?
False
Is 21 a factor of 417670722?
True
Is 1458533235 a multiple of 15?
True
Is 144557355 even?
False
Is 33 a factor of 325691406?
False
Is 151242716 a multiple of 1022?
False
Is 1430520569 a multiple of 551?
False
Is 1550597383 a multiple of 311?
False
Does 79 divide 310664804?
False
Is 91 a factor of 485866962?
False
Is 142823142 a multiple of 1573?
False
Is 70 a factor of 8920380?
True
Is 2824514 a multiple of 12?
False
Is 93940522 a multiple of 7543?
True
Is 2729 a factor of 288622014?
False
Is 7100 a factor of 199786900?
True
Is 113 a factor of 266844076?
True
Is 12 a factor of 458763?
False
Is 6 a factor of 1686202962?
True
Is 20063213 a multiple of 820?
False
Is 22 a factor of 25302141?
False
Is 318996139 a multiple of 937?
False
Is 469979509 a multiple of 24?
False
Is 7 a factor of 18114809?
False
Is 1887982899 a multiple of 15?
False
Does 15 divide 132014385?
True
Is 210684081 a multiple of 2909?
False
Is 244564030 a multiple of 80?
False
Is 3 a factor of 243363150?
True
Does 9 divide 514705576?
False
Does 69 divide 17129?
False
Is 68 a factor of 598519272?
True
Is 34550599 a multiple of 2953?
False
Is 57 a factor of 53869529?
False
Does 41 divide 14278496?
True
Is 27 a factor of 534791131?
False
Does 875 divide 85750?
True
Is 4084473 a multiple of 8?
False
Does 60 divide 2549024820?
True
Does 7 divide 52095827?
True
Is 351580627 a multiple of 23?
False
Is 35549323 a multiple of 31?
False
Is 10 a factor of 8232177?
False
Is 1697 a factor of 415266732?
False
Is 3377115 a multiple of 497?
True
Is 5 a factor of 615178844?
False
Is 369 a factor of 180536734?
False
Does 47 divide 13837223?
True
Is 34 a factor of 100026813?
False
Is 548415980 a multiple of 5?
True
Is 14425554 a multiple of 559?
True
Does 36 divide 226081476?
True
Does 48 divide 273569856?
True
Is 24676875 a multiple of 125?
True
Does 414 divide 15948522?
True
Is 95655063 a multiple of 197?
False
Is 96 a factor of 158714106?
False
Is 1438 a factor of 194396848?
False
Is 2820264230 a multiple of 35?
True
Is 373 a factor of 306083427?
True
Is 24 a factor of 3905112712?
False
Is 65 a factor of 11991830?
False
Is 161091832 a multiple of 44?
True
Does 24 divide 1444179312?
True
Is 25 a factor of 2724515935?
False
Is 158 a factor of 62934172?
False
Is 3912 a factor of 1767386982?
False
Is 110240271 a multiple of 81?
True
Is 62 a factor of 9698474?
True
Does 337 divide 1260596?
False
Is 145 a factor of 14382550?
True
Is 1543 a factor of 1995065054?
True
Is 334 a factor of 241067508?
False
Is 35847956 a multiple of 1522?
False
Is 57 a factor of 2149448967?
True
Is 52 a factor of 38719044?
True
Does 20 divide 129118540?
True
Does 289 divide 2549269974?
False
Is 80191000 a multiple of 4?
True
Is 2324904 a multiple of 15?
False
Is 3473550 a multiple of 90?
True
Does 23 divide 46222778?
True
Does 1840 divide 1965517440?
True
Is 257 a factor of 7340691?
True
Does 5555 divide 3759451795?
True
Is 27531271 a multiple of 1523?
True
Is 1085788130 a multiple of 290?
True
Is 82877955 a multiple of 52?
False
Is 228 a factor of 1106215188?
True
Is 57961024 a multiple of 58?
True
Does 87 divide 245714274?
Tr